{"id":364,"date":"2021-09-14T17:25:46","date_gmt":"2021-09-14T17:25:46","guid":{"rendered":"https:\/\/bonplasic.com.ar\/?page_id=364"},"modified":"2021-09-14T17:41:16","modified_gmt":"2021-09-14T17:41:16","slug":"canulas","status":"publish","type":"page","link":"https:\/\/bonplasic.com.ar\/index.php\/home\/productos\/canulas\/","title":{"rendered":"Canulas"},"content":{"rendered":"\t\t<div data-elementor-type=\"wp-page\" data-elementor-id=\"364\" class=\"elementor elementor-364\">\n\t\t\t\t\t\t<section class=\"elementor-section elementor-top-section elementor-element elementor-element-5978631b elementor-section-height-full elementor-section-boxed elementor-section-height-default elementor-section-items-middle\" data-id=\"5978631b\" data-element_type=\"section\" data-e-type=\"section\" data-settings=\"{&quot;background_background&quot;:&quot;classic&quot;}\">\n\t\t\t\t\t\t<div class=\"elementor-container elementor-column-gap-default\">\n\t\t\t\t\t<div class=\"elementor-column elementor-col-100 elementor-top-column elementor-element elementor-element-cb5fa8a\" data-id=\"cb5fa8a\" data-element_type=\"column\" data-e-type=\"column\">\n\t\t\t<div class=\"elementor-widget-wrap elementor-element-populated\">\n\t\t\t\t\t\t<div class=\"elementor-element elementor-element-5ee6eba elementor-widget elementor-widget-heading\" data-id=\"5ee6eba\" data-element_type=\"widget\" data-e-type=\"widget\" data-widget_type=\"heading.default\">\n\t\t\t\t<div class=\"elementor-widget-container\">\n\t\t\t\t\t<h2 class=\"elementor-heading-title elementor-size-default\">Canulas<\/h2>\t\t\t\t<\/div>\n\t\t\t\t<\/div>\n\t\t\t\t<section class=\"elementor-section elementor-inner-section elementor-element elementor-element-92e80c2 elementor-section-boxed elementor-section-height-default elementor-section-height-default\" data-id=\"92e80c2\" data-element_type=\"section\" data-e-type=\"section\">\n\t\t\t\t\t\t<div class=\"elementor-container elementor-column-gap-default\">\n\t\t\t\t\t<div class=\"elementor-column elementor-col-100 elementor-inner-column elementor-element elementor-element-d15501e\" data-id=\"d15501e\" data-element_type=\"column\" data-e-type=\"column\">\n\t\t\t<div class=\"elementor-widget-wrap elementor-element-populated\">\n\t\t\t\t\t\t<div class=\"elementor-element elementor-element-1bc8aab elementor-invisible elementor-widget elementor-widget-image-gallery\" data-id=\"1bc8aab\" data-element_type=\"widget\" data-e-type=\"widget\" data-settings=\"{&quot;_animation&quot;:&quot;fadeInLeft&quot;}\" data-widget_type=\"image-gallery.default\">\n\t\t\t\t<div class=\"elementor-widget-container\">\n\t\t\t\t\t\t\t<div class=\"elementor-image-gallery\">\n\t\t\t<div id='gallery-1' class='gallery galleryid-364 gallery-columns-3 gallery-size-full'><figure class='gallery-item'>\n\t\t\t<div class='gallery-icon landscape'>\n\t\t\t\t<a data-elementor-open-lightbox=\"yes\" data-elementor-lightbox-slideshow=\"1bc8aab\" data-elementor-lightbox-title=\"C\u00e1nula \u00d8 25mm\" data-e-action-hash=\"#elementor-action%3Aaction%3Dlightbox%26settings%3DeyJpZCI6Mzc4LCJ1cmwiOiJodHRwczpcL1wvYm9ucGxhc2ljLmNvbS5hclwvd3AtY29udGVudFwvdXBsb2Fkc1wvMjAyMVwvMDlcL0NhbnVsYS1PLTI1bW0tb3JpZmljaW8tY2VycmFkby0xLXNjYWxlZC5qcGciLCJzbGlkZXNob3ciOiIxYmM4YWFiIn0%3D\" href='https:\/\/bonplasic.com.ar\/wp-content\/uploads\/2021\/09\/Canula-O-25mm-orificio-cerrado-1-scaled.jpg'><img fetchpriority=\"high\" decoding=\"async\" width=\"2560\" height=\"1327\" src=\"https:\/\/bonplasic.com.ar\/wp-content\/uploads\/2021\/09\/Canula-O-25mm-orificio-cerrado-1-scaled.jpg\" class=\"attachment-full size-full\" alt=\"\" aria-describedby=\"gallery-1-378\" srcset=\"https:\/\/bonplasic.com.ar\/wp-content\/uploads\/2021\/09\/Canula-O-25mm-orificio-cerrado-1-scaled.jpg 2560w, https:\/\/bonplasic.com.ar\/wp-content\/uploads\/2021\/09\/Canula-O-25mm-orificio-cerrado-1-300x155.jpg 300w, https:\/\/bonplasic.com.ar\/wp-content\/uploads\/2021\/09\/Canula-O-25mm-orificio-cerrado-1-1024x531.jpg 1024w, https:\/\/bonplasic.com.ar\/wp-content\/uploads\/2021\/09\/Canula-O-25mm-orificio-cerrado-1-768x398.jpg 768w, https:\/\/bonplasic.com.ar\/wp-content\/uploads\/2021\/09\/Canula-O-25mm-orificio-cerrado-1-1536x796.jpg 1536w, https:\/\/bonplasic.com.ar\/wp-content\/uploads\/2021\/09\/Canula-O-25mm-orificio-cerrado-1-2048x1061.jpg 2048w\" sizes=\"(max-width: 2560px) 100vw, 2560px\" \/><\/a>\n\t\t\t<\/div>\n\t\t\t\t<figcaption class='wp-caption-text gallery-caption' id='gallery-1-378'>\n\t\t\t\tC\u00e1nula \u00d8 25mm\n\t\t\t\t<\/figcaption><\/figure><figure class='gallery-item'>\n\t\t\t<div class='gallery-icon landscape'>\n\t\t\t\t<a data-elementor-open-lightbox=\"yes\" data-elementor-lightbox-slideshow=\"1bc8aab\" data-elementor-lightbox-title=\"C\u00e1nula \u00d8 19mm\" data-e-action-hash=\"#elementor-action%3Aaction%3Dlightbox%26settings%3DeyJpZCI6Mzc3LCJ1cmwiOiJodHRwczpcL1wvYm9ucGxhc2ljLmNvbS5hclwvd3AtY29udGVudFwvdXBsb2Fkc1wvMjAyMVwvMDlcL0NhbnVsYS1PLTE5bW0tb3JpZmljaW8tY2VycmFkby1zY2FsZWQuanBnIiwic2xpZGVzaG93IjoiMWJjOGFhYiJ9\" href='https:\/\/bonplasic.com.ar\/wp-content\/uploads\/2021\/09\/Canula-O-19mm-orificio-cerrado-scaled.jpg'><img decoding=\"async\" width=\"2560\" height=\"1330\" src=\"https:\/\/bonplasic.com.ar\/wp-content\/uploads\/2021\/09\/Canula-O-19mm-orificio-cerrado-scaled.jpg\" class=\"attachment-full size-full\" alt=\"\" aria-describedby=\"gallery-1-377\" srcset=\"https:\/\/bonplasic.com.ar\/wp-content\/uploads\/2021\/09\/Canula-O-19mm-orificio-cerrado-scaled.jpg 2560w, https:\/\/bonplasic.com.ar\/wp-content\/uploads\/2021\/09\/Canula-O-19mm-orificio-cerrado-300x156.jpg 300w, https:\/\/bonplasic.com.ar\/wp-content\/uploads\/2021\/09\/Canula-O-19mm-orificio-cerrado-1024x532.jpg 1024w, https:\/\/bonplasic.com.ar\/wp-content\/uploads\/2021\/09\/Canula-O-19mm-orificio-cerrado-768x399.jpg 768w, https:\/\/bonplasic.com.ar\/wp-content\/uploads\/2021\/09\/Canula-O-19mm-orificio-cerrado-1536x798.jpg 1536w, https:\/\/bonplasic.com.ar\/wp-content\/uploads\/2021\/09\/Canula-O-19mm-orificio-cerrado-2048x1064.jpg 2048w\" sizes=\"(max-width: 2560px) 100vw, 2560px\" \/><\/a>\n\t\t\t<\/div>\n\t\t\t\t<figcaption class='wp-caption-text gallery-caption' id='gallery-1-377'>\n\t\t\t\tC\u00e1nula \u00d8 19mm\n\t\t\t\t<\/figcaption><\/figure><figure class='gallery-item'>\n\t\t\t<div class='gallery-icon landscape'>\n\t\t\t\t<a data-elementor-open-lightbox=\"yes\" data-elementor-lightbox-slideshow=\"1bc8aab\" data-elementor-lightbox-title=\"C\u00e1nula \u00d8 19mm\" data-e-action-hash=\"#elementor-action%3Aaction%3Dlightbox%26settings%3DeyJpZCI6Mzc2LCJ1cmwiOiJodHRwczpcL1wvYm9ucGxhc2ljLmNvbS5hclwvd3AtY29udGVudFwvdXBsb2Fkc1wvMjAyMVwvMDlcL0NhbnVsYS1PLTE5bW0tb3JpZmljaW8tY2VycmFkby0yLXNjYWxlZC5qcGciLCJzbGlkZXNob3ciOiIxYmM4YWFiIn0%3D\" href='https:\/\/bonplasic.com.ar\/wp-content\/uploads\/2021\/09\/Canula-O-19mm-orificio-cerrado-2-scaled.jpg'><img decoding=\"async\" width=\"2560\" height=\"1304\" src=\"https:\/\/bonplasic.com.ar\/wp-content\/uploads\/2021\/09\/Canula-O-19mm-orificio-cerrado-2-scaled.jpg\" class=\"attachment-full size-full\" alt=\"\" aria-describedby=\"gallery-1-376\" srcset=\"https:\/\/bonplasic.com.ar\/wp-content\/uploads\/2021\/09\/Canula-O-19mm-orificio-cerrado-2-scaled.jpg 2560w, https:\/\/bonplasic.com.ar\/wp-content\/uploads\/2021\/09\/Canula-O-19mm-orificio-cerrado-2-300x153.jpg 300w, https:\/\/bonplasic.com.ar\/wp-content\/uploads\/2021\/09\/Canula-O-19mm-orificio-cerrado-2-1024x522.jpg 1024w, https:\/\/bonplasic.com.ar\/wp-content\/uploads\/2021\/09\/Canula-O-19mm-orificio-cerrado-2-768x391.jpg 768w, https:\/\/bonplasic.com.ar\/wp-content\/uploads\/2021\/09\/Canula-O-19mm-orificio-cerrado-2-1536x783.jpg 1536w, https:\/\/bonplasic.com.ar\/wp-content\/uploads\/2021\/09\/Canula-O-19mm-orificio-cerrado-2-2048x1044.jpg 2048w\" sizes=\"(max-width: 2560px) 100vw, 2560px\" \/><\/a>\n\t\t\t<\/div>\n\t\t\t\t<figcaption class='wp-caption-text gallery-caption' id='gallery-1-376'>\n\t\t\t\tC\u00e1nula \u00d8 19mm\n\t\t\t\t<\/figcaption><\/figure><figure class='gallery-item'>\n\t\t\t<div class='gallery-icon landscape'>\n\t\t\t\t<a data-elementor-open-lightbox=\"yes\" data-elementor-lightbox-slideshow=\"1bc8aab\" data-elementor-lightbox-title=\"C\u00e1nula \u00d8 19mm\" data-e-action-hash=\"#elementor-action%3Aaction%3Dlightbox%26settings%3DeyJpZCI6Mzc1LCJ1cmwiOiJodHRwczpcL1wvYm9ucGxhc2ljLmNvbS5hclwvd3AtY29udGVudFwvdXBsb2Fkc1wvMjAyMVwvMDlcL0NhbnVsYS1PLTE5bW0tb3JpZmljaW8tYWJpZXJ0by1zY2FsZWQuanBnIiwic2xpZGVzaG93IjoiMWJjOGFhYiJ9\" href='https:\/\/bonplasic.com.ar\/wp-content\/uploads\/2021\/09\/Canula-O-19mm-orificio-abierto-scaled.jpg'><img loading=\"lazy\" decoding=\"async\" width=\"2560\" height=\"1309\" src=\"https:\/\/bonplasic.com.ar\/wp-content\/uploads\/2021\/09\/Canula-O-19mm-orificio-abierto-scaled.jpg\" class=\"attachment-full size-full\" alt=\"\" aria-describedby=\"gallery-1-375\" srcset=\"https:\/\/bonplasic.com.ar\/wp-content\/uploads\/2021\/09\/Canula-O-19mm-orificio-abierto-scaled.jpg 2560w, https:\/\/bonplasic.com.ar\/wp-content\/uploads\/2021\/09\/Canula-O-19mm-orificio-abierto-300x153.jpg 300w, https:\/\/bonplasic.com.ar\/wp-content\/uploads\/2021\/09\/Canula-O-19mm-orificio-abierto-1024x523.jpg 1024w, https:\/\/bonplasic.com.ar\/wp-content\/uploads\/2021\/09\/Canula-O-19mm-orificio-abierto-768x393.jpg 768w, https:\/\/bonplasic.com.ar\/wp-content\/uploads\/2021\/09\/Canula-O-19mm-orificio-abierto-1536x785.jpg 1536w, https:\/\/bonplasic.com.ar\/wp-content\/uploads\/2021\/09\/Canula-O-19mm-orificio-abierto-2048x1047.jpg 2048w\" sizes=\"(max-width: 2560px) 100vw, 2560px\" \/><\/a>\n\t\t\t<\/div>\n\t\t\t\t<figcaption class='wp-caption-text gallery-caption' id='gallery-1-375'>\n\t\t\t\tC\u00e1nula \u00d8 19mm\n\t\t\t\t<\/figcaption><\/figure><figure class='gallery-item'>\n\t\t\t<div class='gallery-icon landscape'>\n\t\t\t\t<a data-elementor-open-lightbox=\"yes\" data-elementor-lightbox-slideshow=\"1bc8aab\" data-elementor-lightbox-title=\"C\u00e1nula \u00d8 17mm\" data-e-action-hash=\"#elementor-action%3Aaction%3Dlightbox%26settings%3DeyJpZCI6Mzc0LCJ1cmwiOiJodHRwczpcL1wvYm9ucGxhc2ljLmNvbS5hclwvd3AtY29udGVudFwvdXBsb2Fkc1wvMjAyMVwvMDlcL0NhbnVsYS1PLTE3bW0tb3JpZmljaW8tY2VycmFkby1zY2FsZWQuanBnIiwic2xpZGVzaG93IjoiMWJjOGFhYiJ9\" href='https:\/\/bonplasic.com.ar\/wp-content\/uploads\/2021\/09\/Canula-O-17mm-orificio-cerrado-scaled.jpg'><img loading=\"lazy\" decoding=\"async\" width=\"2560\" height=\"1303\" src=\"https:\/\/bonplasic.com.ar\/wp-content\/uploads\/2021\/09\/Canula-O-17mm-orificio-cerrado-scaled.jpg\" class=\"attachment-full size-full\" alt=\"\" aria-describedby=\"gallery-1-374\" srcset=\"https:\/\/bonplasic.com.ar\/wp-content\/uploads\/2021\/09\/Canula-O-17mm-orificio-cerrado-scaled.jpg 2560w, https:\/\/bonplasic.com.ar\/wp-content\/uploads\/2021\/09\/Canula-O-17mm-orificio-cerrado-300x153.jpg 300w, https:\/\/bonplasic.com.ar\/wp-content\/uploads\/2021\/09\/Canula-O-17mm-orificio-cerrado-1024x521.jpg 1024w, https:\/\/bonplasic.com.ar\/wp-content\/uploads\/2021\/09\/Canula-O-17mm-orificio-cerrado-768x391.jpg 768w, https:\/\/bonplasic.com.ar\/wp-content\/uploads\/2021\/09\/Canula-O-17mm-orificio-cerrado-1536x782.jpg 1536w, https:\/\/bonplasic.com.ar\/wp-content\/uploads\/2021\/09\/Canula-O-17mm-orificio-cerrado-2048x1043.jpg 2048w\" sizes=\"(max-width: 2560px) 100vw, 2560px\" \/><\/a>\n\t\t\t<\/div>\n\t\t\t\t<figcaption class='wp-caption-text gallery-caption' id='gallery-1-374'>\n\t\t\t\tC\u00e1nula \u00d8 17mm\n\t\t\t\t<\/figcaption><\/figure><figure class='gallery-item'>\n\t\t\t<div class='gallery-icon landscape'>\n\t\t\t\t<a data-elementor-open-lightbox=\"yes\" data-elementor-lightbox-slideshow=\"1bc8aab\" data-elementor-lightbox-title=\"C\u00e1nula \u00d8 16mm\" data-e-action-hash=\"#elementor-action%3Aaction%3Dlightbox%26settings%3DeyJpZCI6MzczLCJ1cmwiOiJodHRwczpcL1wvYm9ucGxhc2ljLmNvbS5hclwvd3AtY29udGVudFwvdXBsb2Fkc1wvMjAyMVwvMDlcL0NhbnVsYS1PLTE2bW0tb3JpZmljaW8tY2VycmFkby1zY2FsZWQuanBnIiwic2xpZGVzaG93IjoiMWJjOGFhYiJ9\" href='https:\/\/bonplasic.com.ar\/wp-content\/uploads\/2021\/09\/Canula-O-16mm-orificio-cerrado-scaled.jpg'><img loading=\"lazy\" decoding=\"async\" width=\"2560\" height=\"1309\" src=\"https:\/\/bonplasic.com.ar\/wp-content\/uploads\/2021\/09\/Canula-O-16mm-orificio-cerrado-scaled.jpg\" class=\"attachment-full size-full\" alt=\"\" aria-describedby=\"gallery-1-373\" srcset=\"https:\/\/bonplasic.com.ar\/wp-content\/uploads\/2021\/09\/Canula-O-16mm-orificio-cerrado-scaled.jpg 2560w, https:\/\/bonplasic.com.ar\/wp-content\/uploads\/2021\/09\/Canula-O-16mm-orificio-cerrado-300x153.jpg 300w, https:\/\/bonplasic.com.ar\/wp-content\/uploads\/2021\/09\/Canula-O-16mm-orificio-cerrado-1024x523.jpg 1024w, https:\/\/bonplasic.com.ar\/wp-content\/uploads\/2021\/09\/Canula-O-16mm-orificio-cerrado-768x393.jpg 768w, https:\/\/bonplasic.com.ar\/wp-content\/uploads\/2021\/09\/Canula-O-16mm-orificio-cerrado-1536x785.jpg 1536w, https:\/\/bonplasic.com.ar\/wp-content\/uploads\/2021\/09\/Canula-O-16mm-orificio-cerrado-2048x1047.jpg 2048w\" sizes=\"(max-width: 2560px) 100vw, 2560px\" \/><\/a>\n\t\t\t<\/div>\n\t\t\t\t<figcaption class='wp-caption-text gallery-caption' id='gallery-1-373'>\n\t\t\t\tC\u00e1nula \u00d8 16mm\n\t\t\t\t<\/figcaption><\/figure>\n\t\t<\/div>\n\t\t<\/div>\n\t\t\t\t\t\t<\/div>\n\t\t\t\t<\/div>\n\t\t\t\t\t<\/div>\n\t\t<\/div>\n\t\t\t\t\t<\/div>\n\t\t<\/section>\n\t\t\t\t<div class=\"elementor-element elementor-element-1054d28 elementor-widget-divider--view-line elementor-widget elementor-widget-divider\" data-id=\"1054d28\" data-element_type=\"widget\" data-e-type=\"widget\" data-widget_type=\"divider.default\">\n\t\t\t\t<div class=\"elementor-widget-container\">\n\t\t\t\t\t\t\t<div class=\"elementor-divider\">\n\t\t\t<span class=\"elementor-divider-separator\">\n\t\t\t\t\t\t<\/span>\n\t\t<\/div>\n\t\t\t\t\t\t<\/div>\n\t\t\t\t<\/div>\n\t\t\t\t<section class=\"elementor-section elementor-inner-section elementor-element elementor-element-597cbc1 elementor-section-boxed elementor-section-height-default elementor-section-height-default\" data-id=\"597cbc1\" data-element_type=\"section\" data-e-type=\"section\">\n\t\t\t\t\t\t<div class=\"elementor-container elementor-column-gap-default\">\n\t\t\t\t\t<div class=\"elementor-column elementor-col-100 elementor-inner-column elementor-element elementor-element-9742f0f\" data-id=\"9742f0f\" data-element_type=\"column\" data-e-type=\"column\">\n\t\t\t<div class=\"elementor-widget-wrap\">\n\t\t\t\t\t\t\t<\/div>\n\t\t<\/div>\n\t\t\t\t\t<\/div>\n\t\t<\/section>\n\t\t\t\t<section class=\"elementor-section elementor-inner-section elementor-element elementor-element-6754eea elementor-section-boxed elementor-section-height-default elementor-section-height-default\" data-id=\"6754eea\" data-element_type=\"section\" data-e-type=\"section\" data-settings=\"{&quot;background_background&quot;:&quot;slideshow&quot;,&quot;background_slideshow_gallery&quot;:[],&quot;background_slideshow_slide_duration&quot;:5000,&quot;background_slideshow_slide_transition&quot;:&quot;fade&quot;,&quot;background_slideshow_transition_duration&quot;:500}\">\n\t\t\t\t\t\t<div class=\"elementor-container elementor-column-gap-default\">\n\t\t\t\t\t<div class=\"elementor-column elementor-col-50 elementor-inner-column elementor-element elementor-element-2b070b4\" data-id=\"2b070b4\" data-element_type=\"column\" data-e-type=\"column\">\n\t\t\t<div class=\"elementor-widget-wrap elementor-element-populated\">\n\t\t\t\t\t\t<div class=\"elementor-element elementor-element-4a4cbbb elementor-widget elementor-widget-image\" data-id=\"4a4cbbb\" data-element_type=\"widget\" data-e-type=\"widget\" data-widget_type=\"image.default\">\n\t\t\t\t<div class=\"elementor-widget-container\">\n\t\t\t\t\t\t\t\t\t\t\t\t\t\t\t<img loading=\"lazy\" decoding=\"async\" width=\"768\" height=\"397\" src=\"https:\/\/bonplasic.com.ar\/wp-content\/uploads\/2021\/09\/Canulas-varios-768x397.jpg\" class=\"attachment-medium_large size-medium_large wp-image-379\" alt=\"\" srcset=\"https:\/\/bonplasic.com.ar\/wp-content\/uploads\/2021\/09\/Canulas-varios-768x397.jpg 768w, https:\/\/bonplasic.com.ar\/wp-content\/uploads\/2021\/09\/Canulas-varios-300x155.jpg 300w, https:\/\/bonplasic.com.ar\/wp-content\/uploads\/2021\/09\/Canulas-varios-1024x529.jpg 1024w, https:\/\/bonplasic.com.ar\/wp-content\/uploads\/2021\/09\/Canulas-varios-1536x794.jpg 1536w, https:\/\/bonplasic.com.ar\/wp-content\/uploads\/2021\/09\/Canulas-varios-2048x1058.jpg 2048w\" sizes=\"(max-width: 768px) 100vw, 768px\" \/>\t\t\t\t\t\t\t\t\t\t\t\t\t\t\t<\/div>\n\t\t\t\t<\/div>\n\t\t\t\t\t<\/div>\n\t\t<\/div>\n\t\t\t\t<div class=\"elementor-column elementor-col-50 elementor-inner-column elementor-element elementor-element-6d26a5e\" data-id=\"6d26a5e\" data-element_type=\"column\" data-e-type=\"column\" data-settings=\"{&quot;background_background&quot;:&quot;slideshow&quot;,&quot;background_slideshow_gallery&quot;:[{&quot;id&quot;:386,&quot;url&quot;:&quot;https:\\\/\\\/bonplasic.com.ar\\\/wp-content\\\/uploads\\\/2021\\\/09\\\/canulas-1.jpg&quot;},{&quot;id&quot;:387,&quot;url&quot;:&quot;https:\\\/\\\/bonplasic.com.ar\\\/wp-content\\\/uploads\\\/2021\\\/09\\\/canulas-2.jpg&quot;},{&quot;id&quot;:388,&quot;url&quot;:&quot;https:\\\/\\\/bonplasic.com.ar\\\/wp-content\\\/uploads\\\/2021\\\/09\\\/canulas-3.jpg&quot;}],&quot;background_slideshow_ken_burns&quot;:&quot;yes&quot;,&quot;background_slideshow_loop&quot;:&quot;yes&quot;,&quot;background_slideshow_slide_duration&quot;:5000,&quot;background_slideshow_slide_transition&quot;:&quot;fade&quot;,&quot;background_slideshow_transition_duration&quot;:500,&quot;background_slideshow_ken_burns_zoom_direction&quot;:&quot;in&quot;}\">\n\t\t\t<div class=\"elementor-widget-wrap elementor-element-populated\">\n\t\t\t\t\t\t<div class=\"elementor-element elementor-element-46e45d9 elementor-widget elementor-widget-text-editor\" data-id=\"46e45d9\" data-element_type=\"widget\" data-e-type=\"widget\" data-widget_type=\"text-editor.default\">\n\t\t\t\t<div class=\"elementor-widget-container\">\n\t\t\t\t\t\t\t\t\t<p>Bonplasic SRL<\/p>\t\t\t\t\t\t\t\t<\/div>\n\t\t\t\t<\/div>\n\t\t\t\t\t<\/div>\n\t\t<\/div>\n\t\t\t\t\t<\/div>\n\t\t<\/section>\n\t\t\t\t\t<\/div>\n\t\t<\/div>\n\t\t\t\t\t<\/div>\n\t\t<\/section>\n\t\t\t\t<\/div>\n\t\t","protected":false},"excerpt":{"rendered":"<p>Canulas C\u00e1nula \u00d8 25mm C\u00e1nula \u00d8 19mm C\u00e1nula \u00d8 19mm C\u00e1nula \u00d8 19mm C\u00e1nula \u00d8 17mm C\u00e1nula \u00d8 16mm Bonplasic SRL<\/p>\n","protected":false},"author":1,"featured_media":379,"parent":217,"menu_order":0,"comment_status":"closed","ping_status":"closed","template":"elementor_header_footer","meta":{"footnotes":""},"class_list":["post-364","page","type-page","status-publish","has-post-thumbnail","hentry"],"_links":{"self":[{"href":"https:\/\/bonplasic.com.ar\/index.php\/wp-json\/wp\/v2\/pages\/364","targetHints":{"allow":["GET"]}}],"collection":[{"href":"https:\/\/bonplasic.com.ar\/index.php\/wp-json\/wp\/v2\/pages"}],"about":[{"href":"https:\/\/bonplasic.com.ar\/index.php\/wp-json\/wp\/v2\/types\/page"}],"author":[{"embeddable":true,"href":"https:\/\/bonplasic.com.ar\/index.php\/wp-json\/wp\/v2\/users\/1"}],"replies":[{"embeddable":true,"href":"https:\/\/bonplasic.com.ar\/index.php\/wp-json\/wp\/v2\/comments?post=364"}],"version-history":[{"count":7,"href":"https:\/\/bonplasic.com.ar\/index.php\/wp-json\/wp\/v2\/pages\/364\/revisions"}],"predecessor-version":[{"id":391,"href":"https:\/\/bonplasic.com.ar\/index.php\/wp-json\/wp\/v2\/pages\/364\/revisions\/391"}],"up":[{"embeddable":true,"href":"https:\/\/bonplasic.com.ar\/index.php\/wp-json\/wp\/v2\/pages\/217"}],"wp:featuredmedia":[{"embeddable":true,"href":"https:\/\/bonplasic.com.ar\/index.php\/wp-json\/wp\/v2\/media\/379"}],"wp:attachment":[{"href":"https:\/\/bonplasic.com.ar\/index.php\/wp-json\/wp\/v2\/media?parent=364"}],"curies":[{"name":"wp","href":"https:\/\/api.w.org\/{rel}","templated":true}]}}